*v + 8*n, 0 = -2*v - 4*n + 14. Calculate the greatest common factor of v and 16.
1
Let u = 171 + -137. Suppose 0 = 2*d + 5*f - u, -2*d + 2*f + 6 = -0*f. Calculate the greatest common divisor of d and 7.
7
Suppose -23 = -2*t - 5. Let r(k) = -4*k + 3. Let v(q) = -4*q + 3. Let z(s) = 6*r(s) - 7*v(s). Let y be z(t). Calculate the highest common divisor of 22 and y.
11
Let z(s) = 4*s**2 + 17. Let p be z(-5). Calculate the highest common divisor of 9 and p.
9
Let k(f) = f**3 + 56. Suppose 5 = -2*c + 5*u - 20, 5*c + 4*u - 20 = 0. Let w be k(c). What is the highest common divisor of 14 and w?
14
Let f(s) = -s**2 - 11*s + 126. Let a be f(-18). Let w = -4 + 8. Suppose 5*c = 2*m + 99, a*c = w*c + m - 87. What is the greatest common factor of c and 21?
21
Let z = -188 - -203. Suppose 0 = -2*b - 3*b + 15. What is the greatest common factor of z and b?
3
Let z be (6/4)/(48/2176). Calculate the highest common divisor of z and 510.
34
Let u be (-464)/(-18) - 4/(-18). Let z = 481 + -479. Suppose -l = z*j - 40, -j + 0*l + u = 2*l. Calculate the highest common divisor of 90 and j.
18
Suppose -125 - 1 = -3*l. Let i(f) = 4*f**2 + f + 2. Let k be i(2). Suppose -j + k = 3*p, 8*j - 3*j - 72 = -p. Calculate the greatest common factor of j and l.
14
Let m be (6/9)/(1/18). Let b(j) = 13*j - 26. Let x be b(m). What is the greatest common factor of x and 10?
10
Suppose -4*n - 284 = -3*k, k - n = 124 - 31. Calculate the highest common divisor of k and 132.
44
Let x be ((-19)/((-1862)/(-84)))/((-2)/140). What is the highest common factor of 75 and x?
15
Let g(v) = -35*v**3 + 21*v**2 + 65*v - 4. Let w be g(-3). What is the highest common factor of 55 and w?
55
Let h(z) = z**3 + 18*z**2 + 4. Let o be h(-18). Suppose o*j = j + 576. Let p be 3/(-4*(-3)/j). Calculate the highest common divisor of 16 and p.
16
Let s be ((-108)/90)/((-1)/380). Let b = s + -324. Let u be (3 - 2) + (12 - 1). What is the highest common factor of u and b?
12
Let u(y) = -y**2 - y + 72. Let l be u(0). Let x = -17 + l. What is the greatest common factor of 11 and x?
11
Suppose x = -0*u - u + 64, -5*u + 2*x = -313. What is the highest common divisor of u and 189?
63
Suppose -4*r - r - 3*c + 258 = 0, 5*r - 5*c = 250. Calculate the greatest common factor of 3 and r.
3
Let d be (-21)/((-276)/(-285) + -1). What is the greatest common divisor of d and 19?
19
Let j(a) = a**3 + 8*a**2 + 7*a + 9. Let l be j(-7). Let b be (10/6)/(-5) - (-84)/l. What is the highest common divisor of 81 and b?
9
Let t(j) = j**3 + 12*j**2 + 35. Let h be t(-12). Let v be -1 - 3*(-2 - -1). Suppose -v*p = -h + 3. What is the highest common factor of p and 16?
16
Let y(n) = -n**2 + 7*n + 2. Let x be y(5). Suppose 5*r + 8 = 128. Calculate the greatest common divisor of r and x.
12
Suppose -149*x + 136*x = -507. What is the highest common factor of 1053 and x?
39
Let b be (-4)/16 - (-41)/4. Suppose -5*r + 4 = -7*r. Let g be r/20*-4*(-2 - -52). Calculate the greatest common factor of b and g.
10
Let p be 14/4*(-21 - 15). Let s = p + 156. Let g = -47 - -67. Calculate the highest common divisor of s and g.
10
Let c(m) = 72*m**2 - m - 6. Let u be c(2). Calculate the highest common factor of u and 210.
70
Let u be 2/(-2)*(-3 - -5 - 5). Suppose 0 = u*f - 2*p - 167 - 25, -f = -p - 63. Calculate the highest common divisor of f and 6.
6
Suppose 5*d = 9*d + 132. Let j = d + 57. What is the highest common divisor of 24 and j?
24
Let k(d) = d**2 + 15*d + 2. Let b be k(-18). Calculate the greatest common divisor of 28 and b.
28
Suppose 0 = 4*s - 41 - 23. Let x = s + 0. Suppose 12 = 2*a + 4*h, -2*h + 0*h + 14 = 2*a. What is the highest common divisor of a and x?
8
Suppose -u = 3*l + 8, 1 = 3*u - 2*l - 8. Let f(b) = 6*b - 3. Let m be f(u). Calculate the highest common factor of m and 24.
3
Let h be (-5 + 2)/((-1)/5). Let b be (40/320)/((-2)/(-48)). What is the highest common divisor of h and b?
3
Let h be (-2)/((-2)/(-1)) - -3. Suppose 4*z - o + 6*o = 34, h = o. Suppose 0 = w - 2*x - 12, -w + 5 = -4*x - 7. Calculate the greatest common factor of z and w.
6
Let i = -3 + 10. Suppose -11 = -3*w + i. Let h be (-4)/(-6) + 20/w. Calculate the highest common factor of h and 4.
4
Let n be (-2)/(1/((-1)/(-2))) - -11. What is the highest common factor of n and 4?
2
Let v(y) = y + 10. Let k be v(1). Calculate the greatest common factor of k and 143.
11
Let n be 632/16 - 1/2. Let c = -35 + n. Suppose -c*k + 125 = -155. What is the highest common divisor of 14 and k?
14
Suppose -2*u = 2*k - 266, -3*u + 6*u = k - 129. Let x(r) = r**2 - 4*r - 6. Let d be x(7). Let p = d - 3. What is the greatest common divisor of k and p?
12
Let o be (-3)/(-15)*139 + (-2)/(-10). Let a = -16 + o. Calculate the greatest common divisor of 4 and a.
4
Let x(i) = 31*i**2 + i. Let t be x(-2). Suppose t = b + b. Let o = b + -21. What is the highest common factor of o and 5?
5
Let v(s) = -13*s - 5. Let c(g) = 3*g + 1. Let m(j) = 22*c(j) + 4*v(j). Let z = -3 - -5. Let y be m(z). Calculate the greatest common factor of y and 75.
15
Let g = 73 + -3. Let n = g + -55. Calculate the greatest common divisor of n and 75.
15
Let c = -79 - -113. Let r(l) = -2*l**2. Let m be r(-1). Let p = m + c. What is the highest common divisor of 8 and p?
8
Suppose 0 = j + 5*x - 17, -3*j + 11 + 21 = -4*x. Let y = 13 - 6. Suppose y = 3*r - 2. What is the greatest common divisor of j and r?
3
Let b be (-10)/5 + 5 + 1. Suppose -v + 5*y = -30, -5*y = -5*v + 66 + b. What is the greatest common factor of 40 and v?
10
Let m be -3 - -5 - 0/1. Suppose 5*v = -6*x + 2*x + 260, x + m*v - 68 = 0. Let f = -40 + x. What is the highest common factor of f and 5?
5
Let h(o) = -4*o**2 + 135*o + 6. Let v be h(33). What is the greatest common divisor of v and 30?
15
Let d be (-28)/6*1*-3. Let v(m) = -m**2 - 19*m + 38. Let g be v(-18). Suppose 2*o + g = 4*o. What is the greatest common divisor of o and d?
14
Let w = -213 - -219. Calculate the highest common divisor of w and 150.
6
Let j(f) = 32*f + 32. Let h be j(7). What is the greatest common divisor of 32 and h?
32
Let y(d) = d + 44. Let r be y(0). What is the highest common divisor of r and 704?
44
Suppose 0 = 3*q - 5*r + 22 - 84, 4*q + r - 52 = 0. Let l(h) = -4*h + 2. Let n be l(-3). Let p = n - 7. What is the highest common divisor of p and q?
7
Suppose 0 = 3*y + u - 89, -10*u = 5*y - 11*u - 151. Calculate the highest common factor of y and 10.
10
Let g be (-19)/(-114) - (-668)/24. Calculate the highest common factor of g and 1484.
28
Let u be 40*(-9)/18*(-3)/4. Calculate the greatest common factor of 45 and u.
15
Let r be -18 + 20 + (1 - 1). Suppose 137 = b - r*s, -5*s + 26 - 166 = -b. Calculate the highest common factor of 27 and b.
27
Let p = 35 + -48. Let r be p/4*(-500)/25. What is the highest common divisor of 13 and r?
13
Let o be 0 + 6/(0 + -3). Let g be (48/(-80))/(o/10). Suppose 4*r + 136 = 4*v, g*v - r - 97 = -3*r. What is the greatest common divisor of v and 3?
3
Let s(o) = o**2 + 1962. Let u be s(0). Suppose -3*c + u = 3*c. Let b = 467 - c. What is the greatest common divisor of 20 and b?
20
Let v(x) = -x**3 - 11*x**2 - 3*x + 2. Let y be v(-11). What is the highest common factor of 595 and y?
35
Let v be 12*(24/(-9) - -3). Let z(k) = 5*k - 8. Suppose o = -2 + 6. Let u be z(o). Calculate the greatest common divisor of u and v.
4
Suppose z - 3 = 2*a - 5*a, 3*a = -3. Suppose 2*h - 74 = -50. What is the highest common factor of h and z?
6
Suppose -3*o = -2*i + 1104, 0*o + 4*o = 0. Calculate the highest common factor of 24 and i.
24
Let j = 184 - -398. Calculate the greatest common divisor of 6 and j.
6
Let u = -10 - -18. Let t(v) = v**3 + 8*v**2 + 12*v + 4. Let r be t(-6). Suppose -q = -3*q + r. Calculate the greatest common factor of q and u.
2
Let t be 2 + 1 - 24/(-1). Let l(y) = 3*y**2 + 8*y + 14. Let o be l(-20). Suppose -5*r = 244 - o. What is the highest common divisor of t and r?
27
Let w = 20 - 6. Suppose -70 = -8*p + 3*p. What is the highest common factor of w and p?
14
Let g = 146 + -144. Suppose 2*u - 2*s - g*s = 6, 4*s - 57 = -5*u. Calculate the highest common factor of u and 9.
9
Suppose 0 = 3*v - 2*v - 63. Let d(j) = 5*j**2 - 30*j + 18. Let z be d(6). Calculate the greatest common divisor of v and z.
9
Let x = 28 + -23. Suppose -b + x + 0 = 0. What is the 